reatest common factor of 13688 and 1508.
116
What is the highest common divisor of 3852 and 9540?
36
What is the greatest common factor of 66235 and 104?
13
What is the highest common factor of 1462 and 222138?
86
Calculate the highest common divisor of 8541526 and 266.
266
What is the greatest common factor of 184 and 20194?
46
What is the highest common divisor of 29184 and 1026?
114
What is the highest common factor of 738 and 305163?
369
Calculate the highest common divisor of 161557 and 55.
11
What is the highest common divisor of 336473 and 235?
47
What is the greatest common divisor of 11967 and 6?
3
What is the highest common factor of 268 and 311148?
268
What is the greatest common divisor of 1980 and 7740?
180
Calculate the greatest common divisor of 20169 and 83.
83
What is the greatest common factor of 5559761 and 19?
19
What is the highest common divisor of 90109 and 359?
359
What is the highest common factor of 1362 and 30?
6
What is the highest common divisor of 844 and 2124?
4
Calculate the highest common factor of 195050 and 1880.
470
Calculate the highest common divisor of 3735 and 2880.
45
Calculate the greatest common divisor of 1056 and 2144.
32
What is the highest common factor of 151887 and 2561?
197
Calculate the highest common divisor of 231568 and 164.
164
Calculate the greatest common factor of 25800 and 16.
8
What is the greatest common factor of 1013334 and 483?
483
What is the greatest common divisor of 2320 and 169780?
20
Calculate the greatest common factor of 7 and 75943.
7
What is the greatest common factor of 107184 and 29667?
957
What is the highest common divisor of 410 and 893185?
205
Calculate the greatest common factor of 298016 and 18904.
1112
Calculate the highest common divisor of 131940 and 1668.
12
Calculate the greatest common factor of 2016 and 125496.
504
Calculate the greatest common divisor of 148 and 36852.
148
What is the highest common divisor of 51 and 711909?
51
What is the greatest common factor of 71165 and 645?
215
Calculate the greatest common factor of 215298 and 108.
54
Calculate the highest common factor of 116479 and 66.
11
Calculate the highest common divisor of 29128 and 352.
88
What is the greatest common divisor of 967524 and 36?
12
What is the highest common factor of 135 and 293955?
15
Calculate the greatest common divisor of 13 and 872339.
13
What is the greatest common divisor of 7037 and 496?
31
Calculate the highest common divisor of 1209 and 75330.
93
Calculate the greatest common factor of 67 and 595831.
67
What is the highest common divisor of 20 and 209915?
5
What is the highest common divisor of 356128 and 64?
32
Calculate the greatest common factor of 15516564 and 21.
21
Calculate the highest common factor of 213 and 11573.
71
What is the highest common factor of 1776 and 7392?
48
What is the highest common divisor of 7758 and 17298?
18
What is the highest common divisor of 13 and 221?
13
What is the highest common factor of 230220 and 45?
45
Calculate the greatest common divisor of 340 and 1685380.
340
What is the highest common factor of 629 and 1299773?
37
Calculate the highest common divisor of 358 and 80908.
358
What is the highest common factor of 272060 and 6100?
1220
Calculate the highest common factor of 12985 and 875.
35
What is the greatest common divisor of 9825 and 75?
75
What is the highest common divisor of 108 and 5100?
12
Calculate the greatest common divisor of 25 and 52835.
5
Calculate the highest common factor of 4 and 186894.
2
What is the greatest common factor of 30 and 1491594?
6
Calculate the highest common divisor of 172 and 100.
4
Calculate the highest common divisor of 40607 and 126.
7
What is the highest common factor of 22 and 979682?
22
Calculate the greatest common divisor of 27002 and 78658.
1174
What is the highest common divisor of 11094974 and 242?
242
What is the greatest common divisor of 505 and 152611?
101
What is the highest common factor of 808 and 125543?
101
Calculate the highest common factor of 90 and 1628870.
10
What is the greatest common divisor of 85 and 89437?
17
Calculate the highest common factor of 3110 and 195.
5
What is the greatest common divisor of 40 and 272700?
20
What is the highest common divisor of 652803 and 167?
167
What is the greatest common factor of 640958 and 290?
58
Calculate the highest common divisor of 153715 and 1299.
433
Calculate the greatest common factor of 1 and 3504.
1
Calculate the greatest common factor of 3396 and 708.
12
What is the highest common divisor of 132 and 509619?
33
Calculate the greatest common divisor of 206199 and 81.
27
Calculate the highest common factor of 242 and 14652.
22
Calculate the greatest common divisor of 997760 and 1408.
128
What is the greatest common factor of 520 and 3400?
40
Calculate the greatest common divisor of 1184 and 2008.
8
What is the greatest common divisor of 210 and 30730?
70
Calculate the greatest common factor of 825 and 42625.
275
What is the greatest common factor of 1992 and 876?
12
What is the greatest common divisor of 29972 and 550164?
508
Calculate the greatest common factor of 382 and 2471349.
191
What is the highest common factor of 67076 and 1476?
164
Calculate the greatest common factor of 27209 and 46.
23
What is the greatest common factor of 40 and 34184?
8
Calculate the highest common factor of 21595 and 70.
35
What is the highest common factor of 628 and 2740?
4
Calculate the highest common factor of 3332 and 62220.
68
What is the greatest common factor of 28853 and 22?
11
What is the highest common factor of 18860 and 187680?
460
What is the greatest common divisor of 4416 and 309189?
69
Calculate the greatest common factor of 1473039 and 1335.
267
What is the highest common divisor of 1127 and 1794184?
1127
What is the highest common factor of 338 and 910?
26
Calculate the greatest common factor of 2793 and 26313.
147
What is the greatest common factor of 123 and 705569?
41
What is the greatest common factor of 129 and 486459?
129
Calculate the highest common divisor of 75 and 3165.
15
What is the greatest common divisor of 732 and 228689?
61
What is the highest common divisor of 9776 and 24816?
752
Calculate the highest common factor of 1065 and 32305.
355
What is the highest common divisor of 7605 and 55710?
45
Calculate the greatest common factor of 84 and 6531.
21
Calculate the greatest common factor of 22952 and 741.
19
Calculate the highest common factor of 271 and 17953479.
271
What is the highest common factor of 306 and 87006?
102
Calculate the greatest common factor of 578 and 30634.
578
What is the greatest common factor of 13581 and 33701?
503
What is the highest common factor of 176 and 3883?
11
Calculate the highest common divisor of 185150 and 1400.
350
Calculate the greatest common divisor of 556 and 973.
139
What is the highest common factor of 3193 and 6077?
103
Calculate the greatest common factor of 15 and 155355.
15
What is the highest common factor of 222307 and 4192?
131
What is the highest common factor of 87240 and 6840?
120
Calculate the highest common factor of 130 and 10595.
65
What is the greatest common factor of 365 and 1335?
5
Calculate the highest common divisor of 12800 and 18944.
512
Calculate the greatest common divisor of 16716 and 7728.
84
Calculate the greatest common divisor of 1098 and 5922.
18
Calculate the highest common divisor of 4752 and 128.
16
What is the highest common divisor of 25346 and 5017?
29
Calculate the highest common divisor of 198 and 706959.
99
What is the greatest common divisor of 11193 and 6?
3
What is the highest common divisor of 8832 and 222?
6
What is the highest common factor of 98 and 234514?
98
Calculate the greatest common factor of 16 and 128392.
8
Calculate the highest common factor of 323 and 114444.
17
Calculate the greatest common divisor of 73861 and 233.
233
What is the greatest common factor of 16396730 and 35?
35
What is the greatest common factor of 6627 and 4371?
141
Calculate the highest common divisor of 11537 and 4448.
139
What is the greatest common divisor of 78 and 201188?
26
What is the greatest common factor of 113685 and 286?
143
Calculate the highest common divisor of 2784 and 56666.
58
What is the highest common factor of 19